Gardiner Family

Gardiner Family

Gardiner Family
NOAA style reports

NOAA-style Climate Reports


Report for 2008 Jul
                   MONTHLY CLIMATOLOGICAL SUMMARY for JUL. 2008

NAME: Kairos   CITY: Maddington   STATE: Western Australia 
ELEV:    20 m  LAT:  32 04' 24" S  LONG: 116 00' 18" E

                   TEMPERATURE (C), RAIN  (mm), WIND SPEED (km/hr)

                                      HEAT  COOL        AVG
    MEAN                              DEG   DEG         WIND                 DOM
DAY TEMP  HIGH   TIME   LOW    TIME   DAYS  DAYS  RAIN  SPEED HIGH   TIME    DIR
------------------------------------------------------------------------------------
 1
 2
 3
 4
 5
 6
 7
 8
 9
10
11
12
13
14
15  10.8  13.6   6:30p   8.9  11:00p   1.8   0.0   1.6   0.5  17.7  11:45p   NNE
16  11.2  16.7  12:30p   7.9  10:45p   7.1   0.0   6.0   2.1  40.2   4:45a   SSW
17  11.5  16.8  12:00p   6.4   7:30a   6.8   0.0  21.6   4.7  48.3  10:15p   NNE
18  11.8  17.8  10:15a   8.1  12:00m   6.4   0.0  16.0  10.9  61.2   3:00p   WSW
19   8.3  15.6   2:15p   2.1   7:15a  10.0   0.0   0.0   3.1  32.2   2:30p   SSW
20   9.2  18.0   2:00p   2.1   7:30a   9.2   0.0   0.0   1.3  19.3  11:00a   SSE
21  10.2  16.6   3:15p   3.9   2:45a   8.1   0.0   0.0   2.1  17.7   9:45a     E
22  13.6  18.8   3:00p   7.9   6:45a   4.8   0.0   0.0   9.2  35.4  11:30a   NNE
23  14.3  16.8  11:30a   9.2  12:00m   4.0   0.0  33.4   8.5  41.8   8:45a     N
24  12.3  18.9   2:15p   8.1   4:45a   6.0   0.0   1.0   2.7  27.4   1:00p   WSW
25  12.6  16.7   2:15p   8.3   1:30a   5.8   0.0   7.4   5.1  27.4  12:00p     E
26  13.1  20.1   2:45p   6.5   7:00a   5.3   0.1   0.2   4.2  33.8  11:45p   ENE
27  15.1  21.0   3:00p  12.7   4:30a   3.4   0.2   8.8   8.2  41.8  10:00a    NE
28  13.2  16.3   3:45p   8.4  12:00m   5.1   0.0  18.4   3.2  40.2   8:30p   WSW
29  12.0  16.9  12:30p   6.4   4:15a   6.3   0.0  30.2   4.3  30.6   9:30p   NNE
30  13.6  17.1   2:30p   8.8  12:00m   4.7   0.0   5.2  11.7  51.5  12:15p     W
31   9.7  14.5   3:30p   6.4   4:45a   8.6   0.0   8.8   1.4  19.3  12:15a     S
-------------------------------------------------------------------------------------
    11.9  21.0    27     2.1    19   103.3   0.3 158.5   4.9  61.2    18     NNE

Max >=  32.0:  0
Max <=   0.0:  0
Min <=   0.0:  0
Min <= -18.0:  0
Max Rain: 33.40 ON 23/07/08
Days of Rain: 13 (> .2 mm) 10 (> 2 mm) 3 (> 20 mm)
Heat Base:  18.3  Cool Base:  18.3  Method: Integration
Gardiner Family