Gardiner Family

Gardiner Family

Gardiner Family
NOAA style reports

NOAA-style Climate Reports


Report for 2017 11
                   MONTHLY CLIMATOLOGICAL SUMMARY for NOV. 2017

NAME: Kairos   CITY: Maddington   STATE: Western Australia 
ELEV:    20 m  LAT:  32 06' 00" S  LONG: 116 00' 00" E

                   TEMPERATURE (C), RAIN  (mm), WIND SPEED (km/hr)

                                      HEAT  COOL        AVG
    MEAN                              DEG   DEG         WIND                 DOM
DAY TEMP  HIGH   TIME   LOW    TIME   DAYS  DAYS  RAIN  SPEED HIGH   TIME    DIR
------------------------------------------------------------------------------------
 1  22.9  33.1   3:30p  15.0   5:50a   0.5   5.1   0.0   5.3  59.5  10:40p   ESE
 2  20.8  29.0   2:15p  14.8   5:25a   0.9   3.4   0.0   9.8  61.2  12:50a     E
 3  20.3  29.9   1:20p  13.7   5:40a   1.3   3.3   0.0   6.6  45.1   1:55a     E
 4  23.5  32.9   3:40p  15.9   5:40a   0.4   5.5   0.0  12.9  51.5   2:05a     E
 5  23.7  32.5   2:40p  15.4   5:55a   0.4   5.9   0.0  15.6  61.2   4:45a     E
 6  24.9  34.1   2:45p  15.7   4:55a   0.4   7.0   0.0  15.1  54.7   2:20a     E
 7  27.4  38.9   3:10p  18.9   4:25a   0.0   9.1   0.0  11.3  51.5   5:25a     E
 8  28.7  37.9   1:40p  22.6   6:25a   0.0  10.3   0.0   5.3  30.6  11:35p   ENE
 9  26.3  35.3   1:50p  17.7   5:35a   0.0   8.0   0.0   3.1  30.6   4:55p    SW
10  25.3  35.7  12:35p  16.7   5:50a   0.1   7.2   0.0   1.8  27.4   1:35p    SW
11  28.1  40.2   1:05p  17.4   2:05a   0.1   9.9   0.0   3.7  35.4   5:30a     S
12  27.8  36.6  12:30p  21.9  10:20p   0.0   9.5   0.0   4.2  49.9   4:30a    SW
13  23.8  30.9   1:15p  17.6  12:00m   0.0   5.6   0.0   4.7  40.2  11:55p   SSW
14  22.1  30.9   3:35p  14.7   5:30a   0.7   4.5   0.0   7.9  53.1  10:35p   ESE
15  23.4  32.3   4:05p  13.0   5:35a   1.0   6.2   0.0   9.8  48.3  12:30a     E
16  28.7  37.7   2:15p  22.1  11:55p   0.0   8.9   0.0   9.5  53.1   1:55a    NW
17  21.4  25.4  12:30p  17.6  10:35p   0.1   3.2   0.4   7.4  35.4  11:25a    NW
18  20.8  27.1   2:45p  17.0   5:25a   0.3   2.9   1.2   4.3  30.6   1:40p    SW
19  19.5  26.7  12:15p  14.1   4:15a   1.2   2.4   0.0   2.6  25.7  12:35p    SW
20  18.9  27.0   1:30p  11.4   3:40a   2.0   2.5   0.0   3.1  35.4   1:15p    SW
21  20.3  29.3   3:30p  13.6   5:45a   1.2   3.2   0.0   4.3  33.8   5:00p   SSW
22  15.4  18.6  12:05a  13.6   5:35a   0.8   0.0   0.0  22.2  54.7   5:20a     E
23
24
25
26
27
28
29
30
-------------------------------------------------------------------------------------
    23.4  40.2    11    11.4    20    11.4 123.5   1.6   7.7  61.2     2       E

Max >=  32.0: 12
Max <=   0.0:  0
Min <=   0.0:  0
Min <= -18.0:  0
Max Rain: 1.19 ON 18/11/17
Days of Rain: 2 (> .2 mm) 0 (> 2 mm) 0 (> 20 mm)
Heat Base:  18.3  Cool Base:  18.3  Method: Integration
Gardiner Family