Gardiner Family

Gardiner Family

Gardiner Family
NOAA style reports

NOAA-style Climate Reports


Report for 2018 01
                   MONTHLY CLIMATOLOGICAL SUMMARY for JAN. 2018

NAME: Kairos   CITY: Maddington   STATE: Western Australia 
ELEV:    20 m  LAT:  32 06' 00" S  LONG: 116 00' 00" E

                   TEMPERATURE (C), RAIN  (mm), WIND SPEED (km/hr)

                                      HEAT  COOL        AVG
    MEAN                              DEG   DEG         WIND                 DOM
DAY TEMP  HIGH   TIME   LOW    TIME   DAYS  DAYS  RAIN  SPEED HIGH   TIME    DIR
------------------------------------------------------------------------------------
 1  26.3  37.3   2:50p  18.3   5:55a   0.0   8.0   0.0   4.0  37.0   2:10a    SW
 2  29.8  41.3   2:30p  19.3  12:35a   0.0  11.5   0.0   9.2  54.7   7:10a     E
 3  26.6  35.1  11:40a  18.9   5:55a   0.0   8.3   0.0   2.3  27.4   5:45p    SW
 4  25.4  34.2  12:30p  16.3   4:15a   0.1   7.2   0.0   2.4  27.4   2:30p    SW
 5  20.2  28.9  10:15a  14.3   5:25a   1.2   3.1   0.0   5.6  41.8   2:25p    SW
 6  20.1  30.7   4:00p  11.9   6:05a   1.7   3.5   0.0   4.2  32.2   5:05p     S
 7  24.0  35.4   3:35p  14.2   2:10a   0.6   6.3   0.0   7.6  49.9   4:20a     E
 8  26.3  35.6   4:00p  17.1   5:50a   0.1   8.1   0.0   7.6  46.7   6:10a   ESE
 9  26.9  38.8   3:50p  18.1   5:50a   0.0   8.6   0.0   7.7  51.5  12:35a   SSW
10  23.6  31.8  11:30a  17.6  11:50p   0.0   5.3   0.0   6.1  41.8   7:15p    SW
11  19.7  24.4   1:05p  15.1  12:00m   0.5   1.9   0.2   7.2  40.2   4:05p    SW
12  21.0  29.8   1:55p  12.7   5:55a   1.2   3.9   0.0   5.5  38.6   4:45p   SSW
13  28.3  38.6   4:40p  17.9   1:20a   0.0  10.0   0.0   5.1  37.0   1:00p   ESE
14  29.5  37.2  12:30p  23.7   5:45a   0.0  11.2   0.0   7.6  41.8  12:50a   ENE
15  21.9  26.4  12:05a  19.0  12:00m   0.0   3.6  77.4  17.4  59.5  12:30p     E
16  24.9  34.1  12:05p  18.5   5:05a   0.0   5.8  23.2  11.6  61.2  12:05a     E
17
18
19
20
21
22
23
24
25
26
27
28
29
30
31
-------------------------------------------------------------------------------------
    24.7  41.3     2    11.9     6     5.4 106.3 100.8   6.9  61.2    16      SW

Max >=  32.0: 10
Max <=   0.0:  0
Min <=   0.0:  0
Min <= -18.0:  0
Max Rain: 77.39 ON 15/01/18
Days of Rain: 3 (> .2 mm) 2 (> 2 mm) 2 (> 20 mm)
Heat Base:  18.3  Cool Base:  18.3  Method: Integration
Gardiner Family