Gardiner Family

Gardiner Family




Gardiner Family
NOAA style reports

NOAA-style Climate Reports


Report for 2018 09
                   MONTHLY CLIMATOLOGICAL SUMMARY for SEP. 2018

NAME: Kairos   CITY: Maddington   STATE: Western Australia 
ELEV:    20 m  LAT:  32 06' 00" S  LONG: 116 00' 00" E

                   TEMPERATURE (C), RAIN  (mm), WIND SPEED (km/hr)

                                      HEAT  COOL        AVG
    MEAN                              DEG   DEG         WIND                 DOM
DAY TEMP  HIGH   TIME   LOW    TIME   DAYS  DAYS  RAIN  SPEED HIGH   TIME    DIR
------------------------------------------------------------------------------------
 1  14.3  21.8   2:10p   8.3   7:20a   4.5   0.5   0.0   1.1  20.9   5:15p    SW
 2  13.1  22.2   1:04p   4.8   6:55a   6.0   0.8   0.0   1.6  20.9   1:34p    SW
 3  13.8  22.2   1:30p   4.3   6:50a   5.2   0.7   0.0   2.1  29.0   1:35p   WNW
 4  14.7  18.9  11:55a  11.8   2:50a   3.6   0.0  12.2   4.0  35.4  12:00p   WNW
 5  12.1  17.0   1:25p   7.3  12:00m   6.2   0.0   1.6   5.0  37.0   2:25p    SW
 6  11.8  18.9   1:10p   6.9   3:35a   6.6   0.0   0.0   1.3  17.7  12:25p   WNW
 7  13.6  19.3   3:40p  10.1   1:45a   4.7   0.0   1.8   3.4  37.0   2:20p     N
 8  15.3  21.3  12:40p  11.4  12:05a   3.2   0.2   2.0   3.7  30.6   2:50p   WNW
 9  17.1  25.1   1:40p  10.6   6:50a   2.8   1.6   0.0   2.7  22.5   9:25a     N
10  14.4  21.5   1:15p   9.2   4:40a   4.3   0.4   8.0   5.1  38.6   3:15p    SW
11  12.7  17.8   2:55p   7.2  12:00m   5.6   0.0   0.0   1.8  22.5   3:45p   SSW
12  12.1  18.1   3:00p   6.4   1:20a   6.2   0.0   0.0   1.4  27.4  12:55p   WSW
13  14.8  19.7   2:30p  11.8   4:40a   3.6   0.1   2.0   3.1  27.4   2:10p   WNW
14  13.6  18.7   2:35p   9.5  12:00m   4.8   0.0   0.0   5.8  37.0  11:30a   SSW
15  12.8  21.7   3:55p   6.3   6:30a   6.0   0.5   0.0   6.8  35.4   3:20a     E
16  12.4  21.8  12:10p   2.9   6:40a   6.4   0.5   0.2   3.4  33.8   3:40p    SW
17  11.9  17.7  11:45a   5.0   6:40a   6.4   0.0   0.2   3.5  33.8   1:15p   SSW
18  13.0  20.5   2:05p   4.6   6:15a   5.2   0.4   0.0   2.7  25.7   4:20p   SSW
19
20
21
22
23
24
25
26
27
28
29
30
-------------------------------------------------------------------------------------
    13.5  25.1     9     2.9    16    91.3   5.6  28.0   3.3  38.6    10      SW

Max >=  32.0:  0
Max <=   0.0:  0
Min <=   0.0:  0
Min <= -18.0:  0
Max Rain: 12.19 ON 04/09/18
Days of Rain: 8 (> .2 mm) 4 (> 2 mm) 0 (> 20 mm)
Heat Base:  18.3  Cool Base:  18.3  Method: Integration
Gardiner Family