Gardiner Family

Gardiner Family

Gardiner Family
NOAA style reports

NOAA-style Climate Reports

Select a Year or Month report

Notice: Undefined index: NOAA2017.TXT in E:\xampp\htdocs\gardiner\davis\noaa.php on line 289

Report for 2017 09
                   MONTHLY CLIMATOLOGICAL SUMMARY for SEP. 2017

NAME: Kairos   CITY: Maddington   STATE: Western Australia 
ELEV:    20 m  LAT:  32 06' 00" S  LONG: 116 00' 00" E

                   TEMPERATURE (C), RAIN  (mm), WIND SPEED (km/hr)

                                      HEAT  COOL        AVG
    MEAN                              DEG   DEG         WIND                 DOM
DAY TEMP  HIGH   TIME   LOW    TIME   DAYS  DAYS  RAIN  SPEED HIGH   TIME    DIR
------------------------------------------------------------------------------------
 1  12.7  17.3   1:05p   8.7  12:00m   5.6   0.0   9.4   4.5  41.8   2:00p    SW
 2  10.4  18.2   2:00p   3.7   7:10a   7.9   0.0   0.2   2.4  24.1  12:05p    SW
 3  11.3  18.1   2:10p   5.8   6:30a   7.0   0.0   0.0   2.1  27.4   1:05p   SSW
 4  12.3  19.4   2:45p   5.6   3:00a   6.0   0.0   0.2   3.5  29.0   9:40a     E
 5  16.3  25.3   2:30p   9.8   6:40a   3.5   1.5   0.0   8.0  45.1   6:45a     E
 6  20.0  28.4   2:30p  12.7   6:50a   1.5   3.1   0.0   7.1  41.8   3:00a     E
 7  20.6  26.0   1:00p  15.9   6:45a   0.2   2.5   0.0   7.6  38.6   2:55a     E
 8  20.2  27.3  12:50p  14.1  12:00m   0.7   2.6   0.0   4.0  27.4   1:20a   ENE
 9  17.1  25.0   2:10p   9.9   6:45a   2.7   1.6   0.2   1.1  20.9   2:05p    SW
10  16.3  22.6   3:40p  10.9   6:15a   2.8   0.7   0.2   0.8  19.3   1:30p    SW
11  15.7  20.3   2:00p  12.1   5:15a   2.8   0.2   4.2   3.7  25.7   4:30p    SW
12  15.2  19.5   2:30p   8.8  12:00m   3.2   0.2   0.6   5.0  32.2   2:00a    SW
13  14.9  23.8   2:20p   8.3  12:00m   4.6   1.2   0.0   7.2  41.8   8:00a     E
14  18.4  28.2  12:20p   8.2  12:05a   2.5   2.6   0.0   1.4  27.4   5:15a   ENE
15  22.1  31.1   3:10p  13.5  12:00m   0.6   3.6   0.0   2.6  30.6   6:55a     E
16  17.9  27.6   1:55p  11.2   3:40a   2.4   1.9   0.0   1.9  29.0   3:00p   WNW
17  18.2  24.9   2:30p  12.0  12:00m   1.6   1.5   1.0   1.6  24.1   4:40p    SW
18  17.8  29.0   2:50p   8.8   5:15a   3.3   2.8   0.2   0.8  17.7   9:55a     E
19  17.2  24.9  11:30a   9.9   5:50a   2.5   1.4   1.8   2.4  24.1   1:10p    NW
20  18.6  23.6  12:40p  14.5   4:00a   1.0   1.3   6.2   7.6  35.4   2:55p    NW
21  17.8  20.6  10:50a  14.2  11:55p   0.8   0.3  11.2  11.3  59.5  10:25a   WNW
22  15.1  19.7  12:10p  11.8  11:50p   3.2   0.1  12.4   9.3  64.4  12:30p   WNW
23  13.8  18.4   2:40p  11.1   6:30a   4.5   0.0   3.2   3.7  40.2  10:10a    SW
24  11.4  12.2  12:15a  10.7   2:15a   0.7   0.0   1.0   0.5  11.3   1:40a   ESE
25
26
27
28
29
30
-------------------------------------------------------------------------------------
    16.3  31.1    15     3.7     2    71.6  29.2  52.0   4.2  64.4    22      SW

Max >=  32.0:  0
Max <=   0.0:  0
Min <=   0.0:  0
Min <= -18.0:  0
Max Rain: 12.40 ON 22/09/17
Days of Rain: 15 (> .2 mm) 6 (> 2 mm) 0 (> 20 mm)
Heat Base:  18.3  Cool Base:  18.3  Method: Integration
Gardiner Family