Gardiner Family

Gardiner Family

Gardiner Family
NOAA style reports

NOAA-style Climate Reports


Report for 2018 07
                   MONTHLY CLIMATOLOGICAL SUMMARY for JUL. 2018

NAME: Kairos   CITY: Maddington   STATE: Western Australia 
ELEV:    20 m  LAT:  32 06' 00" S  LONG: 116 00' 00" E

                   TEMPERATURE (C), RAIN  (mm), WIND SPEED (km/hr)

                                      HEAT  COOL        AVG
    MEAN                              DEG   DEG         WIND                 DOM
DAY TEMP  HIGH   TIME   LOW    TIME   DAYS  DAYS  RAIN  SPEED HIGH   TIME    DIR
------------------------------------------------------------------------------------
 1  15.9  22.1   1:35p   6.3   5:00a   3.6   1.2   0.0   7.1  40.2  10:30p     N
 2  16.9  19.6  12:05a  14.7   9:35a   1.2   0.0  27.6  10.8  41.8   9:15a     N
 3  15.6  19.3  12:55p  11.6  10:25p   2.7   0.0   1.6   4.8  38.6  12:45p     W
 4  13.0  18.6  12:50p  10.8  12:00m   5.3   0.0  16.8   7.4  54.7  12:55p     N
 5  11.0  15.9   3:10p   6.2  12:00m   7.3   0.0   5.8   2.1  43.5   1:00a    SW
 6  10.8  20.1   4:00p   3.4   7:00a   7.7   0.2   0.2   0.5  20.9   1:05p   ESE
 7  12.6  17.2   2:30p   6.8   2:35a   5.7   0.0   0.0   4.7  32.2   8:15a     E
 8  14.2  20.5   2:30p   9.2   2:40a   4.4   0.3   0.0   6.6  40.2   6:50a     E
 9  15.8  23.3   2:55p  11.8   7:40a   3.5   1.1   0.0   4.3  27.4   7:15a   ENE
10  16.1  24.5   3:05p   8.9  12:00m   3.5   1.4   0.0   3.9  33.8  10:55a     E
11  12.7  22.3   2:35p   5.2   7:30a   6.4   0.7   0.0   0.3  14.5  12:30p     S
12  13.4  21.6   2:45p   4.6   7:20a   5.6   0.6   6.2   4.5  32.2   1:35p    NW
13  14.3  20.5   3:25p   8.8  12:00m   4.2   0.2   6.8   1.3  29.0   4:15a    SW
14  11.6  17.2   3:50p   7.8   1:25a   6.7   0.0  17.0   5.5  51.5   5:50p     N
15  12.4  16.7  12:45p   8.1   3:45a   5.8   0.0   3.2   2.1  35.4  12:45p    NW
16  14.7  18.1   1:25p  11.9  11:50p   3.7   0.0   4.8   4.8  35.4   8:00a    SW
17  14.2  19.4  12:40p   9.4   7:45a   4.1   0.0   0.0   3.9  32.2  12:55p    NW
18  15.3  18.8   1:15p  12.4  12:00m   3.0   0.0   5.2   2.6  32.2  12:05p   WNW
19  13.4  19.8   2:05p   8.9   6:20a   5.0   0.1   0.2   0.8  17.7  10:50a   ENE
20  15.2  21.2   1:00p  10.3   2:15a   3.5   0.4   3.8   7.2  37.0  12:35p     N
21  15.6  19.0  11:20a  13.3  11:10p   2.8   0.0  42.2   7.1  45.1  11:20a     N
22  14.1  14.3   2:35a  13.9  12:30a   0.5   0.0   3.4   2.7  17.7   1:40a   WNW
23
24
25
26
27
28
29
30
31
-------------------------------------------------------------------------------------
    14.0  24.5    10     3.4     6    96.2   6.3 144.8   4.3  54.7     4       N

Max >=  32.0:  0
Max <=   0.0:  0
Min <=   0.0:  0
Min <= -18.0:  0
Max Rain: 42.19 ON 21/07/18
Days of Rain: 15 (> .2 mm) 12 (> 2 mm) 2 (> 20 mm)
Heat Base:  18.3  Cool Base:  18.3  Method: Integration
Gardiner Family