Gardiner Family

Gardiner Family




Gardiner Family
NOAA style reports

NOAA-style Climate Reports


Report for 2019 05
                   MONTHLY CLIMATOLOGICAL SUMMARY for MAY. 2019

NAME: Kairos   CITY: Maddington   STATE: Western Australia 
ELEV:    20 m  LAT:  32 06' 00" S  LONG: 116 00' 00" E

                   TEMPERATURE (C), RAIN  (mm), WIND SPEED (km/hr)

                                      HEAT  COOL        AVG
    MEAN                              DEG   DEG         WIND                 DOM
DAY TEMP  HIGH   TIME   LOW    TIME   DAYS  DAYS  RAIN  SPEED HIGH   TIME    DIR
------------------------------------------------------------------------------------
 1  12.3  17.7  12:00p   7.0   5:30a   5.3   0.0   0.0   2.6  30.6  11:20p   ESE
 2  14.5  21.4   3:05p   9.3   6:40a   4.1   0.4   0.0   8.0  37.0   9:30a     E
 3  19.4  27.4   3:30p  11.1   6:40a   1.7   2.6   0.2   8.5  43.5   5:15a     E
 4  19.2  25.9   2:35p  13.8   1:30a   0.9   1.7   3.6   4.2  29.0   1:55p     N
 5  17.4  22.4   2:20p  10.3   7:10a   2.4   1.5   3.4   4.5  27.4  11:50p    NW
 6  16.3  20.1   2:25p  10.8  11:35p   2.3   0.3   1.6   4.2  33.8   2:05p    SW
 7  14.9  22.2   1:05p   7.8   5:55a   4.3   0.9   0.0   1.3  19.3  12:15p    SW
 8  16.1  24.5   3:30p  10.2   5:05a   3.5   1.3   0.0   0.8  22.5  12:45p    SE
 9  14.8  23.7   3:40p   7.5   5:25a   4.6   1.1   0.0   1.4  24.1   2:20a     E
10  17.1  24.8   3:55p   9.4  12:05a   2.9   1.7   0.0   4.5  35.4   2:35a     E
11  17.3  25.6   2:15p   9.5  12:50a   3.0   2.0   0.0   1.8  20.9  11:25a   ENE
12  16.1  26.3   1:00p   7.5   7:25a   4.3   2.0   0.0   1.4  19.3  10:30a    SW
13  15.0  23.8   3:30p   8.3   5:00a   4.6   1.3   0.0   0.6  16.1   2:10p   SSW
14  18.1  29.5   3:10p   9.9  12:55a   3.2   3.0   0.0   2.6  32.2   6:25a   ENE
15  18.3  29.8   1:30p  10.7   5:50a   3.0   3.0   0.0   2.4  33.8  11:35a   WNW
16  14.0  17.7  10:20a   7.3  11:55p   4.3   0.0   3.4   1.8  35.4   1:15p     S
17   9.6  17.9   2:30p   2.4   7:30a   8.7   0.0   0.0   0.8  17.7  12:10p    SE
18  10.2  19.6   2:50p   2.6   7:25a   8.2   0.1   0.0   0.5  16.1   3:30p   SSW
19  12.7  21.8   2:35p   4.9   2:15a   6.1   0.5   0.0   2.7  19.3  10:35a     N
20  16.8  22.1   2:30p  10.8  12:05a   2.1   0.6  11.2   2.9  25.7   4:45a     N
21  15.7  22.9   3:25p  11.9  11:00p   3.4   0.7   0.0   0.3  17.7   3:05p    NW
22  15.0  24.1   2:20p   7.4   7:25a   4.5   1.2   0.0   0.3  12.9   1:10p   SSW
23  14.4  22.8   2:30p   9.8  12:00m   4.7   0.8   0.0   0.3  14.5   4:20p   WSW
24  13.9  23.3   1:50p   6.2   7:20a   5.3   0.9   0.0   0.6  22.5   2:20p    SW
25  15.1  23.2   3:15p   9.5   6:30a   4.0   0.9   0.0   0.8  20.9   9:25a     E
26  15.2  22.3   3:30p  10.8  10:20p   3.9   0.8   0.0   3.2  27.4  12:30p     E
27  13.0  13.8   1:45a  11.7  12:05a   0.8   0.0   0.0   4.3  29.0   1:30a   ESE
28
29
30
31
-------------------------------------------------------------------------------------
    15.3  29.8    15     2.4    17   106.1  29.3  23.4   2.5  43.5     3       E

Max >=  32.0:  0
Max <=   0.0:  0
Min <=   0.0:  0
Min <= -18.0:  0
Max Rain: 11.20 ON 20/05/19
Days of Rain: 6 (> .2 mm) 4 (> 2 mm) 0 (> 20 mm)
Heat Base:  18.3  Cool Base:  18.3  Method: Integration
Gardiner Family