Gardiner Menu
Last modified: August 17, 2019 - 19:32:26 PM
 NOAA style reports

NOAA-style Climate Reports


Report for 2019 08
                   MONTHLY CLIMATOLOGICAL SUMMARY for AUG. 2019

NAME: Kairos   CITY: Maddington   STATE: Western Australia 
ELEV:    20 m  LAT:  32 06' 00" S  LONG: 116 00' 00" E

                   TEMPERATURE (C), RAIN  (mm), WIND SPEED (km/hr)

                                      HEAT  COOL        AVG
    MEAN                              DEG   DEG         WIND                 DOM
DAY TEMP  HIGH   TIME   LOW    TIME   DAYS  DAYS  RAIN  SPEED HIGH   TIME    DIR
------------------------------------------------------------------------------------
 1  14.3  21.5   2:30p   7.3   3:55a   4.6   0.6   0.0   5.6  29.0   8:45a   ENE
 2  18.4  26.0   3:10p  12.9   6:25a   1.8   2.0   0.0   7.6  37.0   2:10a   ENE
 3  18.5  23.1  12:40p  14.7   7:30a   0.8   1.0   1.6   4.0  27.4  10:05a     N
 4  16.1  19.3   4:00p  13.4   7:35a   2.3   0.1   1.6   1.1  17.7   3:30p   WNW
 5  13.9  19.1  10:55a  11.9  10:45p   4.3   0.0  17.6   2.3  30.6  10:55a     N
 6  11.8  17.2   2:45p   7.5  11:35p   6.5   0.0   2.0   2.4  25.7   3:00p   SSW
 7  10.6  16.5  12:15p   5.1   7:40a   7.7   0.0   2.0   1.4  25.7  11:55a   SSW
 8  10.7  16.6   1:10p   5.5   2:00a   7.6   0.0   0.2   0.3  16.1   3:30p   WNW
 9  11.6  19.4   3:00p   5.5   5:40a   6.7   0.0   0.2   0.5  20.9   9:50a    NE
10  12.7  18.9   3:20p   5.7   4:45a   5.6   0.0   0.0   4.8  41.8  11:50p     E
11  16.4  22.6   2:50p  11.1   7:20a   2.9   1.0   0.0  15.0  48.3   3:00a     E
12  18.0  25.7   2:35p  11.9  11:30p   2.3   2.0   0.0   8.7  46.7   3:00a   ENE
13  15.5  20.1   2:00p  10.3  11:55p   3.0   0.2  11.0   2.3  25.7   2:30p     N
14  12.7  18.6  12:15p   9.1  10:55p   5.6   0.0   8.4   1.9  38.6   3:10p   SSW
15  11.4  19.4   3:55p   4.1   7:30a   6.9   0.1   0.2   0.6  19.3  12:45p   SSW
16  12.8  17.9   1:25p   8.7  12:05a   5.5   0.0  26.0  10.0  51.5   7:40p     N
17  10.4  15.8   1:20p   5.8  12:00m   7.9   0.0   2.4   3.1  37.0  12:05a   SSW
18  10.9  19.7   2:00p   3.9   7:05a   7.5   0.1   0.0   0.2  17.7   1:50p     S
19  11.8  21.5   2:25p   3.4   6:25a   7.0   0.6   0.0   1.3  27.4  10:30a     E
20  15.8  25.7   3:35p   6.8  12:50a   4.1   1.7   0.0   1.9  24.1   5:55a   ENE
21  18.4  25.5   2:40p  12.6  12:05a   1.9   2.0   0.0   5.1  27.4  10:05a    NE
22  18.0  27.0   1:05p   7.6   6:25a   2.3   2.0  15.4   8.5  45.1   2:50p     N
23  11.8  15.7   3:50p   7.3  12:00m   6.5   0.0   7.6   2.6  29.0   1:10p   SSW
24  10.4  17.6   3:15p   4.1   7:10a   7.9   0.0   0.0   1.8  29.0   9:50a     E
25  14.2  21.7   2:10p   7.8  12:15a   4.7   0.6   0.0   4.8  37.0   4:55a     E
26  16.1  22.6   2:50p  10.6   7:10a   2.5   0.8   0.0  10.1  35.4   2:45a     E
27
28
29
30
31
-------------------------------------------------------------------------------------
    14.0  27.0    22     3.4    19   126.5  14.8  96.2   4.2  51.5    16       E

Max >=  32.0:  0
Max <=   0.0:  0
Min <=   0.0:  0
Min <= -18.0:  0
Max Rain: 26.01 ON 16/08/19
Days of Rain: 14 (> .2 mm) 9 (> 2 mm) 1 (> 20 mm)
Heat Base:  18.3  Cool Base:  18.3  Method: Integration